) to base 15
dea8
82282 (base 11) to base 2
11101010100111010
Convert -166551 (base 13) to base 10.
-556752
-7909eb (base 15) to base 11
-3293793
21101002 (base 5) to base 9
286205
Convert 33db3 (base 16) to base 7.
1543152
Convert 14c187 (base 14) to base 9.
1324126
What is 1000001010001001110 (base 2) in base 9?
446646
What is b308 (base 14) in base 15?
91c0
5757bb (base 13) to base 10
2068714
What is 11010010011000110 (base 2) in base 12?
52406
Convert 4312114 (base 7) to base 4.
1333332010
2bb5d4 (base 16) to base 15
3b8b81
11be86 (base 15) to base 12
350169
What is 127372 (base 11) in base 5?
22400332
What is 1dd698 (base 14) in base 9?
2016481
Convert -43a03 (base 14) to base 16.
-28013
-e74b6 (base 16) to base 14
-1a9382
Convert -353a5 (base 12) to base 2.
-10001011011101101
Convert -36031615 (base 7) to base 6.
-152130251
What is 2a0863 (base 12) in base 4?
2230123023
-287878 (base 11) to base 3
-211211201212
What is -1508a54 (base 12) in base 11?
-243a760
Convert 461fc (base 16) to base 9.
477002
112120121001 (base 3) to base 11
186636
-10ec9a (base 15) to base 5
-201400340
What is -10082715 (base 10) in base 7?
-151462446
64457 (base 10) to base 16
fbc9
459476 (base 10) to base 9
770248
Convert 311127 (base 9) to base 7.
1366012
What is -1011001111111 (base 2) in base 9?
-7808
What is -1100101110101001010010 (base 2) in base 7?
-40235145
What is -a010a4 (base 12) in base 15?
-342c67
-54433a (base 12) to base 6
-44334114
Convert -2fd89 (base 16) to base 15.
-3d102
-101101000001111110011 (base 2) to base 11
-918689
What is 20121312 (base 4) in base 8?
103166
-750515 (base 8) to base 5
-31001224
What is -4263360 (base 7) in base 8?
-1767232
1645770 (base 8) to base 10
478200
Convert -1345385 (base 9) to base 6.
-23500205
Convert -5c4cc (base 14) to base 3.
-102110222100
What is -100002011 (base 3) in base 13?
-3022
What is -204102 (base 5) in base 14?
-2681
Convert 5278380 (base 9) to base 15.
3acb1c
What is 2320223 (base 6) in base 10?
119319
-1ad7c9 (base 14) to base 15
-13e320
Convert -22243612 (base 7) to base 2.
-111010110011100010110
-67114 (base 10) to base 11
-46473
What is -1011010011000110111011 (base 2) in base 3?
-12120110220012
What is 210304543 (base 6) in base 12?
1288153
Convert -58160 (base 14) to base 15.
-43777
-43204004 (base 5) to base 15
-73739
-101521322 (base 6) to base 12
-713242
Convert 644405 (base 9) to base 14.
9dc11
Convert 2810b (base 13) to base 3.
10210201021
Convert -3204441414 (base 5) to base 8.
-31501627
What is -10010323203 (base 4) in base 13?
-2b5612
Convert -10101001001111010 (base 2) to base 8.
-251172
Convert -3ca45 (base 14) to base 13.
-53498
2020341 (base 6) to base 16
17725
What is 1d828 (base 15) in base 3?
11220011002
525962 (base 11) to base 14
17cd9b
What is -101022110120 (base 3) in base 8?
-614371
10664035 (base 7) to base 3
1202202200211
Convert -6270c (base 14) to base 4.
-321330320
2cd071 (base 15) to base 10
2170231
Convert -520432 (base 7) to base 9.
-145141
-251455300 (base 7) to base 6
-1323345221
-102212022011 (base 3) to base 13
-82387
Convert 379c66 (base 13) to base 14.
26aaa7
Convert a4aa5 (base 11) to base 8.
452743
Convert 14729a (base 11) to base 7.
1643315
Convert 24278a (base 13) to base 8.
3224471
-8d9b0 (base 15) to base 6
-13400133
What is 1684021 (base 9) in base 13?
26c4ca
-110010011000011010101011 (base 2) to base 4
-302120122223
What is -6497 (base 15) in base 13?
-98cb
Convert -63525 (base 14) to base 6.
-5045525
-211022332 (base 4) to base 13
-543bb
-2312302120 (base 4) to base 16
-b6c98
What is -83867 (base 9) in base 6?
-1104224
-24440400 (base 7) to base 12
-89a106
What is 1202102022100 (base 3) in base 9?
1672270
Convert 484843 (base 13) to base 14.
32c327
Convert -686c (base 13) to base 15.
-44ee
What is -33363 (base 11) in base 6?
-1011500
What is -3121231 (base 7) in base 15?
-761b4
Convert -2e8110 (base 16) to base 14.
-594968
-71cbb (base 13) to base 14
-54654
Convert 3023232133 (base 4) to base 9.
1511601
Convert 11b0018 (base 13) to base 2.
10101000001110001100110
10011001100010101101010 (base 2) to base 12
182774a
-592593 (base 10) to base 12
-246b29
-1000101000000010000110 (base 2) to base 10
-2261126
Convert 1002102211112 (base 3) to base 7.
4632212
Convert 2923b (base 16) to base 7.
1301163
What is -19aa4c (base 13) in base 7?
-5354032
What is 103231311113 (base 4) in base 13?
10bc689
What is 131c244 (base 16) in base 10?
20038212
3607b1 (base 13) to base 3
2102100211211
Convert 11112210021 (base 3) to base 4.
111312220
Convert 6644114 (base 8) to base 5.
424203410
-31711 (base 13) to base 16
-15bf5
What is 11322332322 (base 4) in base 10?
1552314
What is -4629421 (base 10) in base 15?
-616a31
Convert -a70492 (base 11) to base 8.
-6422656
Convert -465765 (base 9) to base 12.
-115b35
Convert -1110111 (base 6) to base 4.
-31213123
Convert 3112350 (base 7) to base 16.
5b11f
What is -20ada0 (base 15) in base 9?
-2830756
What is -5316501 (base 7) in base 12?
-2703a3
-43200222 (base 7) to base 16
-382a4f
-64371642 (base 8) to base 13
-2b09a6c
-7a0361 (base 13) to base 16
-2c067f
77674 (base 9) to base 10
51583
2070354 (base 8) to base 5
120200241
978b17 (base 13) to base 5
1402423034
What is 441a7b (base 12) in base 15?
1656c5
Convert 1045710 (base 9) to base 8.
2111362
Convert 118e0 (base 16) to base 10.
71904
What is 5617c (base 14) in base 4?
302333102
10624460 (base 7) to base 14
1a32d7
-410555 (base 7) to base 9
-115812
Convert -1323341 (base 5) to base 13.
-c216
Convert 1122220000220 (base 3) to base 10.
883572
What is 5453163 (base 8) in base 9?
2671111
Convert 45544 (base 11) to base 9.
110321
What is -431255 (base 8) in base 13?
-50745
What is -1581285 (base 11) in base 12?
-a9bb62
58086 (base 12) to base 14
30c06
What is 23201112210 (base 4) in base 5?
1233121241
Convert 1011101011110110010001 (base 2) to base 12.
1038815
Convert 149615 (base 10) to base 3.
21121020022
What is -1211202111100 (base 3) in base 14?
-1b6cd9
-3312033343 (base 5) to base 10
-7142973
What is -2617104 (base 8) in base 4?
-2301321010
-3037389 (base 11) to base 2
-10100011110101000111111
-1404110323 (base 5) to base 9
-6658468
Convert -46656 (base 8) to base 4.
-10312232
Convert -3572426 (base 8) to base 6.
-33002102
-610742 (base 9) to base 5
-43031320
What is 82270 (base 10) in base 4?
110011132
Convert -58076 (base 13) to base 9.
-264118
-100001111011100101 (base 2) to base 4
-201323211
-3035051 (base 6) to base 3
-21100212011
Convert -4c93a8 (base 14) to base 2.
-1010000011111110011000
What is 3222514 (base 6) in base 16?
26c0e
What is 512700 (base 8) in base 10?
169408
What is -60102432 (base 7) in base 9?
-10287376
-10145413 (base 6) to base 3
-112221110200
What is -177940 (base 14) in base 9?
-1501427
Convert 4a7b (base 12) to base 3.
102120212
Convert 123121022113 (base 4) to base 7.
115015501
What is -141200404 (base 6) in base 16?
-2baa94
-1551303 (base 8) to base 13
-1286ca
-1010001100111011100 (base 2) to base 9
-558514
1124401334 (base 5) to base 15
35d064
Convert -3568816 (base 10) to base 8.
-15472260
What is -302745 (base 8) in base 16?
-185e5
5657506 (base 8) to base 16
175f46
What is -10011000001110110 (base 2) in base 14?
-20594
What is 743767 (base 8) in base 9?
416822
Convert 98a40a (base 14) to base 15.
6c3953
What is -837c37 (base 14) in base 10?
-4439449
Convert -103024232 (base 5) to base 15.
-8a27c
33211111312 (base 4) to base 15
55a60a
Convert 451723 (base 9) to base 3.
111201210210
Convert 2772562 (base 8) to base 14.
16588a
5078588 (base 9) to base 10
2709449
Convert -c069 (base 15) to base 5.
-2244344
333302104 (base 5) to base 14
2a1123
Convert 1635112 (base 7) to base 12.
ab777
What is 1453351 (base 7) in base 16?
305ce
-4155861 (base 9) to base 8
-10363616
-435061 (base 7) to base 12
-38111
Convert -100111100000111001 (base 2) to base 8.
-474071
1122952 (base 11) to base 8
7377206
Convert -11754547 (base 9) to base 4.
-111333031102
What is 57020 (base 10) in base 11?
39927
Convert 112002012 (base 6) to base 5.
1011201204
-42dee (base 16) to base 13
-97895
What is 39ba16 (base 16) in base 13?
a25c98
Convert -568431 (base 9) to base 16.
-5333b
What is 52794 (base 13) in base 4?
210100113
What is -11111011101010001 (base 2) in base 